b8 (base 15) to base 11
5960427
What is 222602 (base 10) in base 13?
7a423
What is -17a7da (base 16) in base 13?
-423849
Convert 310753 (base 10) to base 2.
1001011110111100001
What is -c4b53 (base 15) in base 5?
-124423203
What is -655959 (base 11) in base 16?
-ffb17
-34278757 (base 9) to base 5
-13230121042
21b706 (base 12) to base 7
4401513
-5bb30 (base 16) to base 8
-1335460
-639b7 (base 12) to base 7
-1054012
Convert 6677015 (base 9) to base 16.
36d700
What is 1010000000111001 (base 2) in base 6?
513521
Convert -122212011011212 (base 3) to base 15.
-c76dd8
What is -1336564 (base 8) in base 13?
-1022bc
What is 13a7a (base 15) in base 16?
f68b
Convert -54388 (base 15) to base 6.
-5422032
-11ad2a (base 15) to base 7
-10124362
-953485 (base 10) to base 11
-5a1405
-203221111 (base 4) to base 9
-242247
Convert 190a64 (base 15) to base 16.
129340
-266349 (base 10) to base 2
-1000001000001101101
What is -935151 (base 11) in base 5?
-341001324
Convert -59a11b (base 13) to base 2.
-1000001001011001111101
15bdd (base 15) to base 6
1300531
Convert 10101000000000111000 (base 2) to base 7.
5564240
-324bd (base 16) to base 8
-622275
Convert -143b9 (base 14) to base 15.
-eccd
-51c4a (base 15) to base 8
-772306
23eea (base 15) to base 14
2db61
Convert 1073077 (base 14) to base 16.
771f41
Convert -41647c (base 16) to base 11.
-2467898
-2000220202 (base 3) to base 7
-224501
What is -1010000010011011110 (base 2) in base 16?
-504de
Convert 5c7ad (base 15) to base 10.
295363
Convert -3111111000 (base 4) to base 13.
-24794a
Convert d03d (base 14) to base 5.
2120402
-815817 (base 9) to base 10
-483262
Convert -2022201101 (base 3) to base 15.
-d831
-348516 (base 11) to base 2
-10000111000000011011
-1541514 (base 6) to base 13
-32629
What is -120210212011 (base 3) in base 2?
-1001011111110001011
b7484 (base 13) to base 10
330334
What is -13455791 (base 10) in base 15?
-12abd7b
417390 (base 11) to base 13
1a5448
What is 6363120 (base 7) in base 3?
1110012201200
What is 1d26d (base 16) in base 7?
1005056
Convert 1146414 (base 8) to base 2.
1001100110100001100
-201041212 (base 5) to base 14
-16b553
Convert -5403757 (base 8) to base 6.
-50540211
What is 61365501 (base 7) in base 2?
10011100011011000111111
-212001212221220 (base 3) to base 5
-11114312132
Convert -1375345 (base 9) to base 6.
-24131152
Convert -101221201 (base 3) to base 8.
-17460
Convert -10111011011111001010 (base 2) to base 3.
-1110000102110
-169645 (base 10) to base 15
-353ea
3066066 (base 7) to base 3
200202210200
76684 (base 14) to base 13
a0635
Convert 40795 (base 11) to base 10.
59515
What is -260434 (base 16) in base 2?
-1001100000010000110100
Convert -13a4a3 (base 12) to base 4.
-1100110323
Convert 10000011010111010000 (base 2) to base 4.
2003113100
What is 4353430 (base 6) in base 11?
139243
What is 192457 (base 11) in base 3?
120001002000
What is -3151213 (base 6) in base 13?
-55443
What is -290b94 (base 16) in base 9?
-5048812
What is -25855 (base 15) in base 13?
-42812
What is 4334442123 (base 5) in base 7?
142006416
-5875617 (base 11) to base 9
-21261645
Convert 2102201211200 (base 3) to base 10.
1293858
-2253 (base 9) to base 13
-9b4
Convert -5473a (base 12) to base 3.
-12200011001
-1510881 (base 10) to base 2
-101110000110111100001
-10010302102 (base 4) to base 13
-2b5277
100110000110110000 (base 2) to base 8
460660
Convert 27b (base 13) to base 4.
12320
What is -272348 (base 9) in base 14?
-445aa
Convert 333003 (base 4) to base 11.
3039
-338e3 (base 15) to base 2
-101000000010101101
Convert 1140424 (base 7) to base 5.
14104044
What is -348461 (base 9) in base 4?
-303023002
-111011010100111 (base 2) to base 4
-13122213
What is -324822 (base 14) in base 9?
-3174816
-1b9a819 (base 12) to base 11
-3389a55
What is 22012202 (base 5) in base 15?
3ac6c
What is -104045130 (base 6) in base 4?
-13021022232
-1fa46 (base 16) to base 5
-13121411
What is -17c78 (base 16) in base 7?
-553652
What is -10001110101110111011 (base 2) in base 16?
-8ebbb
What is -335c66 (base 15) in base 5?
-1111342141
Convert 11644184 (base 9) to base 13.
1246714
What is -220200102000110 (base 3) in base 15?
-1241759
What is -14394270 (base 10) in base 8?
-66721636
Convert 120021001120011 (base 3) to base 7.
125636605
-735ca (base 13) to base 5
-23120104
20220020012 (base 3) to base 14
37693
-1b911a (base 12) to base 10
-492646
What is -11336162 (base 7) in base 13?
-2907b6
Convert -1770851 (base 9) to base 10.
-991405
What is 20221012013 (base 4) in base 7?
25153616
What is 740676 (base 9) in base 16?
6b74e
Convert -1101000000010111010 (base 2) to base 3.
-210122121002
Convert 1110001010001110100 (base 2) to base 11.
297668
What is -b94a (base 16) in base 6?
-1003334
Convert -2992654 (base 11) to base 13.
-10a6ccc
What is -1000203300 (base 4) in base 7?
-2150640
6c2889 (base 13) to base 5
1124420344
Convert -110220001012 (base 3) to base 10.
-253724
-211ab56 (base 12) to base 11
-3596643
-6310547 (base 10) to base 11
-3620231
b0a07 (base 13) to base 8
1150734
39aa12 (base 11) to base 15
c678a
Convert -100001111111001011 (base 2) to base 15.
-2b3ab
What is -228848 (base 9) in base 8?
-415020
Convert -32412253 (base 6) to base 16.
-ebda9
Convert 46631 (base 12) to base 9.
153211
Convert -1334624 (base 7) to base 13.
-62711
-114375 (base 13) to base 9
-683336
What is -136345 (base 8) in base 7?
-260661
Convert -12120112210020 (base 3) to base 12.
-baa9b9
-1a7118 (base 12) to base 6
-14012432
What is -2110d (base 15) in base 5?
-11323423
Convert -11001373 (base 9) to base 12.
-19440a0
What is -53496 (base 12) in base 3?
-12120021120
Convert -1110001011100100001 (base 2) to base 14.
-c14ad
Convert -32868 (base 10) to base 8.
-100144
Convert -1092643 (base 12) to base 3.
-12222101222220
What is -496371 (base 13) in base 12?
-708256
What is 11100010000110 (base 2) in base 11?
a965
100020221000011 (base 3) to base 16
4b1000
-8270656 (base 9) to base 3
-22022100201220
-44333020 (base 5) to base 8
-1363113
What is -257d81 (base 14) in base 2?
-100111010110101111101
Convert 33212023020 (base 4) to base 6.
223344200
What is 1226 (base 13) in base 8?
5007
-645114 (base 10) to base 15
-cb229
Convert -1887881 (base 10) to base 7.
-22022012
71326007 (base 8) to base 11
855069a
What is -3007363 (base 9) in base 2?
-110000110100011101110
-215c7 (base 16) to base 11
-93735
Convert 51064675 (base 8) to base 16.
a469bd
Convert 1001001000100000101 (base 2) to base 13.
a62a9
Convert 45a84 (base 12) to base 8.
265704
-811831 (base 9) to base 3
-220101221001
Convert -1571a6 (base 12) to base 9.
-615460
-2623245 (base 7) to base 5
-41421402
Convert -a8962 (base 12) to base 9.
-368252
1744404 (base 12) to base 15
652964
What is 1edff (base 16) in base 5?
13021323
What is 12210330323 (base 4) in base 13?
484a63
-133301231 (base 4) to base 8
-376155
-14b323 (base 13) to base 14
-d3d3a
Convert -273352 (base 11) to base 7.
-3434510
-855240 (base 12) to base 4
-20001200100
Convert 3429288 (base 10) to base 14.
653a52
What is 10111101011110000111 (base 2) in base 11?
49008a
What is 13991a1 (base 11) in base 15?
325ace
Convert 10171a (base 11) to base 2.
100111110110110010
-21709 (base 15) to base 2
-11001111011100001
Convert 28204485 (base 9) to base 8.
65130301
What is 4b0cc (base 15) in base 5?
30133232
What is 102121200201101 (base 3) in base 11?
3537a33
What is 13353246 (base 7) in base 2?
100101110110000001101
Convert add4b (base 15) to base 4.
2013002201
Convert -21311221 (base 5) to base 6.
-3522513
What is -2b8711 (base 12) in base 16?
-b4cfd
83a4a9 (base 12) to base 8
7714501
104103263 (base 7) to base 4
113312231000
110001111101111000001 (base 2) to base 12
66b629
Convert -8107013 (base 9) to base 2.
-10000011101101000101100
Convert 63165 (base 9) to base 14.
112a1
Convert 3351124 (base 7) to base 15.
832dd
c2700 (base 13) to base 8
1250225
Convert -2120111301 (base 4) to base 7.
-5206125
Convert -ab5b7 (base 15) to base 10.
-544672
Convert -14345234 (base 9) to base 11.
-4020367
What is -2500314 (base 8) in base 10?
-688332
What is -1242245 (base 6) in base 13?
-24bc0
-339510b (base 12) to base 15
-d08462
What is 76663551 (base 8) in base 4?
332312131221
-176114 (base 9) to base 8
-325604
What is 723266 (base 9) in base 8?
1505512
Convert -